36. What are the prime factors of ((-148)/b - 4)*-3?
7
Let r(i) = 2*i**2 - 6*i - 1. Suppose 34 = 3*f - 26. Suppose f = j + 3*j. What are the prime factors of r(j)?
19
Let a = -307 - -552. List the prime factors of a.
5, 7
Let q(c) = -c**3 + 8*c**2 - 3*c. List the prime factors of q(4).
2, 13
Let u = 18 + -11. Let p be 0/(-3 + u)*-1. Let f(j) = j**3 - 2*j + 19. What are the prime factors of f(p)?
19
Suppose h - 1028 - 791 = 0. List the prime factors of h.
17, 107
Let c(l) = -2*l**3 + 123*l**2 + 116*l + 99. List the prime factors of c(62).
3, 383
Suppose 2*g - 118 = 2*o + 42, 2*o = 5*g - 160. Let l = 7 - o. List the prime factors of l.
3, 29
Let t(m) = m**3 - 2*m + 29. Let d be t(0). Suppose -4*w = -d + 9. Suppose -3*f - w = z - 51, 0 = 3*z + 4*f - 113. List the prime factors of z.
31
Let f = 72 - 66. Suppose -f*v = -12*v + 342. What are the prime factors of v?
3, 19
List the prime factors of (45 - 38) + 0 + 341.
2, 3, 29
Suppose 0 = -20*o + 2399 + 8101. List the prime factors of o.
3, 5, 7
Let t = -23 - -27. What are the prime factors of (2/4)/(t/208)?
2, 13
Let v be (14/4)/(23/46). Suppose 0 = v*n - 273 - 623. List the prime factors of n.
2
Let w be ((-7)/(-3) + -3)*18. Let l = 15 + w. Suppose -l + 15 = 3*s. List the prime factors of s.
2
Let w be 2/(-6)*1620/(-4). Suppose 0 = -2*n + 4*m + 272, 0*m - w = -n + m. What are the prime factors of n?
2, 67
Let z be 143/(-5) + (-3)/(-5). Let h be (-2 - -5) + -1*3. Let l = h - z. What are the prime factors of l?
2, 7
Let o(u) be the second derivative of -u**3/6 + 8*u**2 - 3*u. Let l be o(11). Suppose -q + 57 = 2*p, -41 = -l*q - 3*p + 216. List the prime factors of q.
7
Suppose -389 = -c + 5*b, -12*b = c - 15*b - 387. What are the prime factors of c?
2, 3
Let i = -634 + 2576. List the prime factors of i.
2, 971
Let t(i) = 6*i - 9. Let k be t(18). Suppose -161 = -5*m + k. List the prime factors of m.
2, 13
Suppose 5*v - 24 = -4. Suppose 3*w + h - v*h - 57 = 0, 5*h = 3*w - 47. What are the prime factors of (-2 - 4)*(-152)/w?
2, 19
Let r(d) = -d**3 + 4*d**2 - 2*d + 3. Let j be r(3). Suppose t - 151 = 2*q, 0 = j*t - t + 4*q - 713. List the prime factors of t.
5, 29
Suppose -f = -2*f + 4*x - 8, 1 = f + 5*x. Let y(p) be the first derivative of -7*p**2/2 + 2. List the prime factors of y(f).
2, 7
What are the prime factors of (0 + -6 - 1)/(4/(-492))?
3, 7, 41
Let g(k) = -5*k - 5. Suppose -j + 19 = -l - 3*l, -2*j + 4*l = -22. Suppose -14 - 11 = 5*t + j*b, 20 = -4*t + 3*b. What are the prime factors of g(t)?
2, 5
Let h(b) = 21*b + 37. Let j be h(11). List the prime factors of j/(-6)*6/(-4).
67
Let s = 99 + -95. Let j(x) = 9*x**2 - 5*x + 12. List the prime factors of j(s).
2, 17
Let f(p) = p + 17. Let u be f(-14). Suppose -4*o - h = -361, -u*o - h = 2*o - 451. List the prime factors of o.
2, 3, 5
Let z = 33 - 30. Suppose 0 = -z*p + 13 - 4. Suppose 0 = p*h + 3*k - 225, 5*h = 2*k - 237 + 626. What are the prime factors of h?
7, 11
What are the prime factors of 12/30 - ((-28962)/15)/3?
2, 7, 23
Suppose 0 = i - 3*i. Suppose 3*p + 12 = -i*p. What are the prime factors of (-3)/(-9)*87 + p?
5
Let u(q) = 51*q**3 + q**2 - 1. Let i = -49 - -50. List the prime factors of u(i).
3, 17
Let l = -238 - -242. Suppose 2*z + 2*z = 5*q - 337, 0 = q + 4*z - 77. Suppose -l*j = -q - 31. What are the prime factors of j?
5
Suppose -4*c = 4*u - 768, 0*c - 5*c = -20. List the prime factors of u.
2, 47
Let f = -31 - -47. Let p = f + -11. Suppose 3*g + 2*q = -13 + 45, p*g + q = 44. List the prime factors of g.
2
Suppose -379 = -5*m - 3*c, -2*m + m - 2*c + 73 = 0. Let g be 45/6*(-36)/5. Let k = g + m. List the prime factors of k.
23
Let y(m) = m**2 + 11*m - 13. Let o = 2 + -13. Let x be y(o). Let n = -7 - x. What are the prime factors of n?
2, 3
Suppose -4 = -5*m + 4*m. Let d(b) = 4*b + 5. Let a be d(4). Suppose 21 = n - m*r, -n = -r + 6*r - a. List the prime factors of n.
3, 7
Let v(j) = j**3 + 8*j**2 + 12*j + 4. Let t be v(-6). Suppose -4*n - h = 2*h - 211, 5*h - 205 = -t*n. List the prime factors of n.
5, 11
Let z = 25 - 21. Let d(s) = -s**3 - 6*s**2 - 6*s + 1. Let y(k) = -k**3 - 7*k**2 - 6*k + 2. Let m(c) = z*d(c) - 3*y(c). List the prime factors of m(-4).
2, 19
Let m(l) = -6*l + 4. Let c be (-28)/126 + 52/(-9). What are the prime factors of m(c)?
2, 5
Suppose 11*w - 8001 = 21820. What are the prime factors of w?
2711
Let f be (1 + 1)*2 + -2. Suppose -4*m + f*t = -756, -4*t - 16 = -0*t. What are the prime factors of m/6 + 2/(-12)?
31
List the prime factors of (1 - 2411)*((-8)/(-5) - 2).
2, 241
Let c(f) = f**3 - 3*f**2 + 2*f + 3. Let a be c(3). Suppose x = t - 2 + a, -2*x - t = -26. Let s = 30 - x. List the prime factors of s.
19
Let w be 56/(-9) + 26/117. Let c(z) = -8*z**2 - 11*z - 12. Let x(b) = 7*b**2 + 11*b + 11. Let u(a) = 5*c(a) + 6*x(a). What are the prime factors of u(w)?
2, 3
Suppose 0*n = -n - 2*f + 11, 2*n - 3*f = 8. Suppose 15 - 323 = -n*p. What are the prime factors of p?
2, 11
Suppose 4*r + 1157 = 5*k, -11*k + 2*r + 695 = -8*k. List the prime factors of k.
233
Suppose 5 = o + 2. Suppose 5 = -q - v, 0 = 4*q - o*v + 8*v + 22. What are the prime factors of 2/q + 161/21?
7
Suppose -14*m + 35*m = 3696. List the prime factors of m.
2, 11
Let m be 6/2 - (-4 - -4). Let g(o) = 7*o + m - 2*o + 9*o - 2. List the prime factors of g(1).
3, 5
Let d(w) = 8*w**2 + 21*w - 1. List the prime factors of d(4).
211
Let j = -57 + 82. Suppose -j*b + 29*b = 220. List the prime factors of b.
5, 11
Suppose -5*y + 22 = 3*r - 0, 3*r = -4*y + 20. Suppose 8*t - 579 = 5*t + 5*u, y*u - 772 = -4*t. List the prime factors of t.
193
List the prime factors of -3 - (4912/(-24))/(2/3).
2, 19
Let n(c) = c**2 - 18*c + 135. List the prime factors of n(-27).
2, 3, 5
Let g be 4 - ((-32)/(-4))/2. Suppose g = 3*x + 2*p - 109, -x + 22 + 25 = -2*p. List the prime factors of x.
3, 13
Suppose -6*v = -487 - 1985. What are the prime factors of v?
2, 103
Let b = 29 + -27. Suppose b*h - 64 = -2*h. Let t = h - -21. List the prime factors of t.
37
Let u = 950 + -134. List the prime factors of u.
2, 3, 17
Let g(v) = v**2 - 8*v - 1. Let l(t) = -t**2 - 9*t + 1. Let q be l(-8). Let j be g(q). Suppose 8*b = 7*b + j. What are the prime factors of b?
2
Let f(y) = 605*y - 3. List the prime factors of f(1).
2, 7, 43
Let z be 2 + (8/(-40) - 161/(-5)). What are the prime factors of (4 + -6)*(0 - z - 0)?
2, 17
Let q = 1250 - 556. Let s = q + -457. List the prime factors of s.
3, 79
Let c(t) = -9*t**2 - 4*t + 1. Let q(r) = -10*r**2 - 5*r + 2. Let g(l) = -5*l. Let f be g(-1). Let w(u) = f*q(u) - 6*c(u). What are the prime factors of w(-3)?
43
What are the prime factors of (-78033)/(-30) + ((-35)/50)/7?
3, 17
Let v(q) = -649*q + 121. What are the prime factors of v(-3)?
2, 11, 47
Suppose 8*u - 2739 + 299 = 0. What are the prime factors of u?
5, 61
Suppose 0 = 6*w - 25675 + 9211. What are the prime factors of w?
2, 7
Let p(i) be the third derivative of i**6/120 + 13*i**5/60 + 2*i**4/3 - i**3/6 + 9*i**2. What are the prime factors of p(-11)?
5, 13
List the prime factors of (-4 + -8)*(245/(-15) - -2).
2, 43
What are the prime factors of ((-254)/4)/(15/18 - 1)?
3, 127
Let m be (2 - 4)/((-1)/(-18)). Let x = 166 - m. What are the prime factors of x?
2, 101
Let r(a) be the first derivative of -16/3*a**3 + 9*a + 1/4*a**4 + 8*a**2 + 8. List the prime factors of r(15).
2, 3
Let b be -2 + (-2 - -2) + 2. Let l(o) = o**2 + 21*o + 33. Let v be l(-22). Suppose b = 22*s - 23*s + v. What are the prime factors of s?
5, 11
Let f(x) = 39*x - 13. Let s be f(1). Suppose -2*v + 4*v - 8 = -4*j, -5*j + 8 = 2*v. Suppose -114 = -v*g - 2*i, g = 2*g + i - s. List the prime factors of g.
31
Let b = -1624 - -2011. What are the prime factors of b?
3, 43
Suppose z = -f + 8, z + 0*z - 40 = -5*f. Suppose 0 = 3*k - 9, f*k + 708 = 4*u + 4*k. What are the prime factors of u?
2, 3, 5
Let r be (-6)/(-33) + 925/55. Suppose r*w - 10 = 12*w. Suppose 3*h - 4*d - 89 = 0, 5*h - 110 = -3*d + w*d. What are the prime factors of h?
23
Suppose -2*y - v + 13 = y, -5*y + 7 = -2*v. Suppose g - 7 = -y. Suppose g*k = -d + 89, -2*d = 4*k + 4 - 98. List the prime factors of k.
3, 7
Let f be 2288/(-28) - 2/7. Let x = f - -126. What are the prime factors of x?
2, 11
Let r(u) = -u**3 - 2*u**2 - u - 1. Let x be 4/10 + (-672)/30. Let t be x/6 + 6/9. W